{"id":3,"date":"2023-04-19T11:25:20","date_gmt":"2023-04-19T11:25:20","guid":{"rendered":"https:\/\/dkakord.cz\/hotel\/?page_id=3"},"modified":"2025-10-08T12:50:37","modified_gmt":"2025-10-08T10:50:37","slug":"privacy-policy","status":"publish","type":"page","link":"https:\/\/dkakord.cz\/hotel\/privacy-policy\/","title":{"rendered":"Ochrana osobn\u00edch \u00fadaj\u016f (GDPR)"},"content":{"rendered":"\n<div class=\"wp-block-group is-vertical is-layout-flex wp-container-core-group-is-layout-8cf370e7 wp-block-group-is-layout-flex\">\n<p>V r\u00e1mci prob\u00edhaj\u00edc\u00edch akc\u00ed, vystoupen\u00ed, po\u0159ad\u016f po\u0159\u00e1dan\u00fdch spole\u010dnosti AKORD &amp; POKLAD, s. r. o. mohou b\u00fdt po\u0159izov\u00e1ny foto a audio z\u00e1znamy slou\u017e\u00edc\u00ed v\u00fdhradn\u011b k propaga\u010dn\u00edm \u00fa\u010del\u016fm (plak\u00e1ty, web, soci\u00e1ln\u00ed s\u00edt\u011b). Spole\u010dnost AKORD &amp; POKLAD, s. r. o. nenese odpov\u011bdnost za z\u00e1znamy po\u0159\u00edzen\u00e9 a zve\u0159ejn\u011bn\u00ed jin\u00fdmi subjekty.\u00a0<\/p>\n\n\n\n<p>Se souhlasem adres\u00e1ta pou\u017e\u00edv\u00e1me emailov\u00e9 adresy k mailingu (zas\u00edl\u00e1n\u00ed newsletter\u016f \u2013 obchodn\u00edch sd\u011blen\u00ed, novinek, aktualit spole\u010dnosti AKORD &amp; POKLAD, s.r.o.)<\/p>\n\n\n\n<p>Se souhlasem adres\u00e1ta pou\u017e\u00edv\u00e1me adresy a telefonn\u00ed \u010d\u00edsla k zas\u00edl\u00e1n\u00ed informac\u00ed o zm\u011bn\u00e1ch v programu \u010di jin\u00e9 sd\u011blen\u00ed (propaga\u010dn\u00ed materi\u00e1ly apod.)<\/p>\n\n\n\n<p>Osobn\u00ed data budeme uchov\u00e1vat po dobu p\u011bti let.<\/p>\n<\/div>\n\n\n\n<div class=\"wp-block-group\"><div class=\"wp-block-group__inner-container is-layout-constrained wp-block-group-is-layout-constrained\">\n<div style=\"height:20px\" aria-hidden=\"true\" class=\"wp-block-spacer\"><\/div>\n\n\n\n<p>Cel\u00fd dokument ke sta\u017een\u00ed ZDE &#8211; <a href=\"https:\/\/dkpoklad.cz\/wp-content\/uploads\/2021\/07\/gdpr-akordpoklad.pdf\" target=\"_blank\" rel=\"noreferrer noopener nofollow\">Souhlas se zpracov\u00e1n\u00edm osobn\u00edch \u00fadaj\u016f<\/a><\/p>\n<\/div><\/div>\n","protected":false},"excerpt":{"rendered":"<p>V r\u00e1mci prob\u00edhaj\u00edc\u00edch akc\u00ed, vystoupen\u00ed, po\u0159ad\u016f po\u0159\u00e1dan\u00fdch spole\u010dnosti AKORD &amp; POKLAD, s. r. o. mohou b\u00fdt po\u0159izov\u00e1ny foto a audio z\u00e1znamy slou\u017e\u00edc\u00ed v\u00fdhradn\u011b k propaga\u010dn\u00edm \u00fa\u010del\u016fm (plak\u00e1ty, web, soci\u00e1ln\u00ed s\u00edt\u011b)&#8230;.<\/p>\n","protected":false},"author":1,"featured_media":0,"parent":0,"menu_order":0,"comment_status":"closed","ping_status":"open","template":"","meta":{"inline_featured_image":false,"footnotes":""},"class_list":["post-3","page","type-page","status-publish","hentry"],"acf":[],"yoast_head":"<!-- This site is optimized with the Yoast SEO plugin v23.9 - https:\/\/yoast.com\/wordpress\/plugins\/seo\/ -->\n<title>Ochrana osobn\u00edch \u00fadaj\u016f (GDPR) - Hotel Akord<\/title>\n<meta name=\"robots\" content=\"index, follow, max-snippet:-1, max-image-preview:large, max-video-preview:-1\" \/>\n<link rel=\"canonical\" href=\"https:\/\/dkakord.cz\/hotel\/privacy-policy\/\" \/>\n<meta property=\"og:locale\" content=\"cs_CZ\" \/>\n<meta property=\"og:type\" content=\"article\" \/>\n<meta property=\"og:title\" content=\"Ochrana osobn\u00edch \u00fadaj\u016f (GDPR) - Hotel Akord\" \/>\n<meta property=\"og:description\" content=\"V r\u00e1mci prob\u00edhaj\u00edc\u00edch akc\u00ed, vystoupen\u00ed, po\u0159ad\u016f po\u0159\u00e1dan\u00fdch spole\u010dnosti AKORD &amp; POKLAD, s. r. o. mohou b\u00fdt po\u0159izov\u00e1ny foto a audio z\u00e1znamy slou\u017e\u00edc\u00ed v\u00fdhradn\u011b k propaga\u010dn\u00edm \u00fa\u010del\u016fm (plak\u00e1ty, web, soci\u00e1ln\u00ed s\u00edt\u011b)....\" \/>\n<meta property=\"og:url\" content=\"https:\/\/dkakord.cz\/hotel\/privacy-policy\/\" \/>\n<meta property=\"og:site_name\" content=\"Hotel Akord\" \/>\n<meta property=\"article:modified_time\" content=\"2025-10-08T10:50:37+00:00\" \/>\n<meta name=\"twitter:card\" content=\"summary_large_image\" \/>\n<meta name=\"twitter:label1\" content=\"Odhadovan\u00e1 doba \u010dten\u00ed\" \/>\n\t<meta name=\"twitter:data1\" content=\"1 minuta\" \/>\n<script type=\"application\/ld+json\" class=\"yoast-schema-graph\">{\"@context\":\"https:\/\/schema.org\",\"@graph\":[{\"@type\":\"WebPage\",\"@id\":\"https:\/\/dkakord.cz\/hotel\/privacy-policy\/\",\"url\":\"https:\/\/dkakord.cz\/hotel\/privacy-policy\/\",\"name\":\"Ochrana osobn\u00edch \u00fadaj\u016f (GDPR) - Hotel Akord\",\"isPartOf\":{\"@id\":\"https:\/\/dkakord.cz\/hotel\/#website\"},\"datePublished\":\"2023-04-19T11:25:20+00:00\",\"dateModified\":\"2025-10-08T10:50:37+00:00\",\"breadcrumb\":{\"@id\":\"https:\/\/dkakord.cz\/hotel\/privacy-policy\/#breadcrumb\"},\"inLanguage\":\"cs\",\"potentialAction\":[{\"@type\":\"ReadAction\",\"target\":[\"https:\/\/dkakord.cz\/hotel\/privacy-policy\/\"]}]},{\"@type\":\"BreadcrumbList\",\"@id\":\"https:\/\/dkakord.cz\/hotel\/privacy-policy\/#breadcrumb\",\"itemListElement\":[{\"@type\":\"ListItem\",\"position\":1,\"name\":\"Dom\u016f\",\"item\":\"https:\/\/dkakord.cz\/hotel\/\"},{\"@type\":\"ListItem\",\"position\":2,\"name\":\"Ochrana osobn\u00edch \u00fadaj\u016f (GDPR)\"}]},{\"@type\":\"WebSite\",\"@id\":\"https:\/\/dkakord.cz\/hotel\/#website\",\"url\":\"https:\/\/dkakord.cz\/hotel\/\",\"name\":\"Hotel Akord\",\"description\":\"\",\"potentialAction\":[{\"@type\":\"SearchAction\",\"target\":{\"@type\":\"EntryPoint\",\"urlTemplate\":\"https:\/\/dkakord.cz\/hotel\/?s={search_term_string}\"},\"query-input\":{\"@type\":\"PropertyValueSpecification\",\"valueRequired\":true,\"valueName\":\"search_term_string\"}}],\"inLanguage\":\"cs\"}]}<\/script>\n<!-- \/ Yoast SEO plugin. -->","yoast_head_json":{"title":"Ochrana osobn\u00edch \u00fadaj\u016f (GDPR) - Hotel Akord","robots":{"index":"index","follow":"follow","max-snippet":"max-snippet:-1","max-image-preview":"max-image-preview:large","max-video-preview":"max-video-preview:-1"},"canonical":"https:\/\/dkakord.cz\/hotel\/privacy-policy\/","og_locale":"cs_CZ","og_type":"article","og_title":"Ochrana osobn\u00edch \u00fadaj\u016f (GDPR) - Hotel Akord","og_description":"V r\u00e1mci prob\u00edhaj\u00edc\u00edch akc\u00ed, vystoupen\u00ed, po\u0159ad\u016f po\u0159\u00e1dan\u00fdch spole\u010dnosti AKORD &amp; POKLAD, s. r. o. mohou b\u00fdt po\u0159izov\u00e1ny foto a audio z\u00e1znamy slou\u017e\u00edc\u00ed v\u00fdhradn\u011b k propaga\u010dn\u00edm \u00fa\u010del\u016fm (plak\u00e1ty, web, soci\u00e1ln\u00ed s\u00edt\u011b)....","og_url":"https:\/\/dkakord.cz\/hotel\/privacy-policy\/","og_site_name":"Hotel Akord","article_modified_time":"2025-10-08T10:50:37+00:00","twitter_card":"summary_large_image","twitter_misc":{"Odhadovan\u00e1 doba \u010dten\u00ed":"1 minuta"},"schema":{"@context":"https:\/\/schema.org","@graph":[{"@type":"WebPage","@id":"https:\/\/dkakord.cz\/hotel\/privacy-policy\/","url":"https:\/\/dkakord.cz\/hotel\/privacy-policy\/","name":"Ochrana osobn\u00edch \u00fadaj\u016f (GDPR) - Hotel Akord","isPartOf":{"@id":"https:\/\/dkakord.cz\/hotel\/#website"},"datePublished":"2023-04-19T11:25:20+00:00","dateModified":"2025-10-08T10:50:37+00:00","breadcrumb":{"@id":"https:\/\/dkakord.cz\/hotel\/privacy-policy\/#breadcrumb"},"inLanguage":"cs","potentialAction":[{"@type":"ReadAction","target":["https:\/\/dkakord.cz\/hotel\/privacy-policy\/"]}]},{"@type":"BreadcrumbList","@id":"https:\/\/dkakord.cz\/hotel\/privacy-policy\/#breadcrumb","itemListElement":[{"@type":"ListItem","position":1,"name":"Dom\u016f","item":"https:\/\/dkakord.cz\/hotel\/"},{"@type":"ListItem","position":2,"name":"Ochrana osobn\u00edch \u00fadaj\u016f (GDPR)"}]},{"@type":"WebSite","@id":"https:\/\/dkakord.cz\/hotel\/#website","url":"https:\/\/dkakord.cz\/hotel\/","name":"Hotel Akord","description":"","potentialAction":[{"@type":"SearchAction","target":{"@type":"EntryPoint","urlTemplate":"https:\/\/dkakord.cz\/hotel\/?s={search_term_string}"},"query-input":{"@type":"PropertyValueSpecification","valueRequired":true,"valueName":"search_term_string"}}],"inLanguage":"cs"}]}},"_links":{"self":[{"href":"https:\/\/dkakord.cz\/hotel\/wp-json\/wp\/v2\/pages\/3","targetHints":{"allow":["GET"]}}],"collection":[{"href":"https:\/\/dkakord.cz\/hotel\/wp-json\/wp\/v2\/pages"}],"about":[{"href":"https:\/\/dkakord.cz\/hotel\/wp-json\/wp\/v2\/types\/page"}],"author":[{"embeddable":true,"href":"https:\/\/dkakord.cz\/hotel\/wp-json\/wp\/v2\/users\/1"}],"replies":[{"embeddable":true,"href":"https:\/\/dkakord.cz\/hotel\/wp-json\/wp\/v2\/comments?post=3"}],"version-history":[{"count":6,"href":"https:\/\/dkakord.cz\/hotel\/wp-json\/wp\/v2\/pages\/3\/revisions"}],"predecessor-version":[{"id":426,"href":"https:\/\/dkakord.cz\/hotel\/wp-json\/wp\/v2\/pages\/3\/revisions\/426"}],"wp:attachment":[{"href":"https:\/\/dkakord.cz\/hotel\/wp-json\/wp\/v2\/media?parent=3"}],"curies":[{"name":"wp","href":"https:\/\/api.w.org\/{rel}","templated":true}]}}

Ochrana osobních údajů (GDPR)

<div class="wp-block-group is-vertical is-layout-flex wp-container-core-group-is-layout-8cf370e7 wp-block-group-is-layout-flex">
<p>V rámci probíhajících akcí, vystoupení, pořadů pořádaných společnosti AKORD &amp; POKLAD, s. r. o. mohou být pořizovány foto a audio záznamy sloužící výhradně k propagačním účelům (plakáty, web, sociální sítě). Společnost AKORD &amp; POKLAD, s. r. o. nenese odpovědnost za záznamy pořízené a zveřejnění jinými subjekty. </p>



<p>Se souhlasem adresáta používáme emailové adresy k mailingu (zasílání newsletterů – obchodních sdělení, novinek, aktualit společnosti AKORD &amp; POKLAD, s.r.o.)</p>



<p>Se souhlasem adresáta používáme adresy a telefonní čísla k zasílání informací o změnách v programu či jiné sdělení (propagační materiály apod.)</p>



<p>Osobní data budeme uchovávat po dobu pěti let.</p>
</div>



<div class="wp-block-group"><div class="wp-block-group__inner-container is-layout-constrained wp-block-group-is-layout-constrained">
<div style="height:20px" aria-hidden="true" class="wp-block-spacer"></div>



<p>Celý dokument ke stažení ZDE &#8211; <a href="https://dkpoklad.cz/wp-content/uploads/2021/07/gdpr-akordpoklad.pdf" target="_blank" rel="noreferrer noopener nofollow">Souhlas se zpracováním osobních údajů</a></p>
</div></div>

<p>V rámci probíhajících akcí, vystoupení, pořadů pořádaných společnosti AKORD &amp; POKLAD, s. r. o. mohou být pořizovány foto a audio záznamy sloužící výhradně k propagačním účelům (plakáty, web, sociální sítě)&#8230;.</p>

<!-- This site is optimized with the Yoast SEO plugin v23.9 - https://yoast.com/wordpress/plugins/seo/ -->
<title>Ochrana osobních údajů (GDPR) - Hotel Akord</title>
<meta name="robots" content="index, follow, max-snippet:-1, max-image-preview:large, max-video-preview:-1" />
<link rel="canonical" href="https://dkakord.cz/hotel/privacy-policy/" />
<meta property="og:locale" content="cs_CZ" />
<meta property="og:type" content="article" />
<meta property="og:title" content="Ochrana osobních údajů (GDPR) - Hotel Akord" />
<meta property="og:description" content="V rámci probíhajících akcí, vystoupení, pořadů pořádaných společnosti AKORD &amp; POKLAD, s. r. o. mohou být pořizovány foto a audio záznamy sloužící výhradně k propagačním účelům (plakáty, web, sociální sítě)...." />
<meta property="og:url" content="https://dkakord.cz/hotel/privacy-policy/" />
<meta property="og:site_name" content="Hotel Akord" />
<meta property="article:modified_time" content="2025-10-08T10:50:37+00:00" />
<meta name="twitter:card" content="summary_large_image" />
<meta name="twitter:label1" content="Odhadovaná doba čtení" />
	<meta name="twitter:data1" content="1 minuta" />
<script type="application/ld+json" class="yoast-schema-graph">{"@context":"https://schema.org","@graph":[{"@type":"WebPage","@id":"https://dkakord.cz/hotel/privacy-policy/","url":"https://dkakord.cz/hotel/privacy-policy/","name":"Ochrana osobních údajů (GDPR) - Hotel Akord","isPartOf":{"@id":"https://dkakord.cz/hotel/#website"},"datePublished":"2023-04-19T11:25:20+00:00","dateModified":"2025-10-08T10:50:37+00:00","breadcrumb":{"@id":"https://dkakord.cz/hotel/privacy-policy/#breadcrumb"},"inLanguage":"cs","potentialAction":[{"@type":"ReadAction","target":["https://dkakord.cz/hotel/privacy-policy/"]}]},{"@type":"BreadcrumbList","@id":"https://dkakord.cz/hotel/privacy-policy/#breadcrumb","itemListElement":[{"@type":"ListItem","position":1,"name":"Domů","item":"https://dkakord.cz/hotel/"},{"@type":"ListItem","position":2,"name":"Ochrana osobních údajů (GDPR)"}]},{"@type":"WebSite","@id":"https://dkakord.cz/hotel/#website","url":"https://dkakord.cz/hotel/","name":"Hotel Akord","description":"","potentialAction":[{"@type":"SearchAction","target":{"@type":"EntryPoint","urlTemplate":"https://dkakord.cz/hotel/?s={search_term_string}"},"query-input":{"@type":"PropertyValueSpecification","valueRequired":true,"valueName":"search_term_string"}}],"inLanguage":"cs"}]}</script>
<!-- / Yoast SEO plugin. -->

Ochrana osobních údajů (GDPR) - Hotel Akord

V rámci probíhajících akcí, vystoupení, pořadů pořádaných společnosti AKORD &amp; POKLAD, s. r. o. mohou být pořizovány foto a audio záznamy sloužící výhradně k propagačním účelům (plakáty, web, sociální sítě)....

Domů
