{"id":79,"date":"2023-04-23T20:16:35","date_gmt":"2023-04-23T18:16:35","guid":{"rendered":"https:\/\/dkakord.cz\/hotel\/hotel-akord-english\/"},"modified":"2025-02-10T10:51:17","modified_gmt":"2025-02-10T09:51:17","slug":"hotel-akord-english","status":"publish","type":"page","link":"https:\/\/dkakord.cz\/hotel\/en\/","title":{"rendered":"Hotel Akord"},"content":{"rendered":"\n<h2 class=\"wp-block-heading main-title\">We offer<\/h2>\n\n\n<div class=\"wp-bootstrap-blocks-row row block-sluzby gx-5 mb-5\">\n\t\n\n<div class=\"col-12 col-sm-6 col-lg-3 mb-5\">\n\t\t\t\n\n<figure class=\"wp-block-image size-full\"><a href=\"https:\/\/dkakord.cz\/hotel\/en\/reservation\/\"><img loading=\"lazy\" decoding=\"async\" width=\"320\" height=\"320\" src=\"https:\/\/dkakord.cz\/hotel\/wp-content\/uploads\/2023\/04\/1.jpg\" alt=\"Rezervace\" class=\"wp-image-27\" srcset=\"https:\/\/dkakord.cz\/hotel\/wp-content\/uploads\/2023\/04\/1.jpg 320w, https:\/\/dkakord.cz\/hotel\/wp-content\/uploads\/2023\/04\/1-300x300.jpg 300w, https:\/\/dkakord.cz\/hotel\/wp-content\/uploads\/2023\/04\/1-150x150.jpg 150w\" sizes=\"auto, (max-width: 320px) 100vw, 320px\" \/><\/a><\/figure>\n\n\n\n<h3 class=\"wp-block-heading\">Reservation<\/h3>\n\n\n\n<p>Choose from our wide range of available rooms and additional services at AKORD Hotel.<\/p>\n\n\n<div class=\"wp-bootstrap-blocks-button\">\n\t<a\n\t\thref=\"https:\/\/dkakord.cz\/hotel\/en\/reservation\/\"\n\t\t\t\t\t\tclass=\"btn btn-primary\"\n\t>\n\t\tShow more\t<\/a>\n<\/div>\n\n\t<\/div>\n\n\n\n<div class=\"col-12 col-sm-6 col-lg-3 mb-5\">\n\t\t\t\n\n<figure class=\"wp-block-image size-full\"><a href=\"https:\/\/dkakord.cz\/hotel\/en\/services\/\"><img loading=\"lazy\" decoding=\"async\" width=\"320\" height=\"320\" src=\"https:\/\/dkakord.cz\/hotel\/wp-content\/uploads\/2023\/04\/2.jpg\" alt=\"Slu\u017eby\" class=\"wp-image-24\" srcset=\"https:\/\/dkakord.cz\/hotel\/wp-content\/uploads\/2023\/04\/2.jpg 320w, https:\/\/dkakord.cz\/hotel\/wp-content\/uploads\/2023\/04\/2-300x300.jpg 300w, https:\/\/dkakord.cz\/hotel\/wp-content\/uploads\/2023\/04\/2-150x150.jpg 150w\" sizes=\"auto, (max-width: 320px) 100vw, 320px\" \/><\/a><\/figure>\n\n\n\n<h3 class=\"wp-block-heading\">Services<\/h3>\n\n\n\n<p>Our hotel is a part of cultural centre in Ostrava-Z\u00e1b\u0159eh. We can offer you a wide range of services.<\/p>\n\n\n<div class=\"wp-bootstrap-blocks-button\">\n\t<a\n\t\thref=\"https:\/\/dkakord.cz\/hotel\/en\/services\/\"\n\t\t\t\t\t\tclass=\"btn btn-primary\"\n\t>\n\t\tShow more\t<\/a>\n<\/div>\n\n\t<\/div>\n\n\n\n<div class=\"col-12 col-sm-6 col-lg-3 mb-5\">\n\t\t\t\n\n<figure class=\"wp-block-image size-full\"><a href=\"https:\/\/dkakord.cz\/hotel\/en\/price-list\/\"><img loading=\"lazy\" decoding=\"async\" width=\"320\" height=\"320\" src=\"https:\/\/dkakord.cz\/hotel\/wp-content\/uploads\/2023\/04\/3.jpg\" alt=\"Cen\u00edk\" class=\"wp-image-25\" srcset=\"https:\/\/dkakord.cz\/hotel\/wp-content\/uploads\/2023\/04\/3.jpg 320w, https:\/\/dkakord.cz\/hotel\/wp-content\/uploads\/2023\/04\/3-300x300.jpg 300w, https:\/\/dkakord.cz\/hotel\/wp-content\/uploads\/2023\/04\/3-150x150.jpg 150w\" sizes=\"auto, (max-width: 320px) 100vw, 320px\" \/><\/a><\/figure>\n\n\n\n<h3 class=\"wp-block-heading\">Price list<\/h3>\n\n\n\n<p>Breakfast is included in the final price. It is served in our restaurant.<\/p>\n\n\n<div class=\"wp-bootstrap-blocks-button\">\n\t<a\n\t\thref=\"https:\/\/dkakord.cz\/hotel\/en\/price-list\/\"\n\t\t\t\t\t\tclass=\"btn btn-primary\"\n\t>\n\t\tShow more\t<\/a>\n<\/div>\n\n\t<\/div>\n\n\n\n<div class=\"col-12 col-sm-6 col-lg-3 mb-5\">\n\t\t\t\n\n<figure class=\"wp-block-image size-full\"><a href=\"https:\/\/dkakord.cz\/hotel\/en\/photo-gallery\/\"><img loading=\"lazy\" decoding=\"async\" width=\"320\" height=\"320\" src=\"https:\/\/dkakord.cz\/hotel\/wp-content\/uploads\/2023\/04\/4.jpg\" alt=\"Fotogalerie\" class=\"wp-image-26\" srcset=\"https:\/\/dkakord.cz\/hotel\/wp-content\/uploads\/2023\/04\/4.jpg 320w, https:\/\/dkakord.cz\/hotel\/wp-content\/uploads\/2023\/04\/4-300x300.jpg 300w, https:\/\/dkakord.cz\/hotel\/wp-content\/uploads\/2023\/04\/4-150x150.jpg 150w\" sizes=\"auto, (max-width: 320px) 100vw, 320px\" \/><\/a><\/figure>\n\n\n\n<h3 class=\"wp-block-heading\">Gallery<\/h3>\n\n\n\n<p>Have a look at our room offer. We can offer you single or double rooms.<\/p>\n\n\n<div class=\"wp-bootstrap-blocks-button\">\n\t<a\n\t\thref=\"https:\/\/dkakord.cz\/hotel\/en\/photo-gallery\/\"\n\t\t\t\t\t\tclass=\"btn btn-primary\"\n\t>\n\t\tShow more\t<\/a>\n<\/div>\n\n\t<\/div>\n\n<\/div>\n\n\n\n<h2 class=\"wp-block-heading main-title\">About Akord Hotel<\/h2>\n\n\n<div class=\"wp-bootstrap-blocks-row row gx-lg-5 pb-5\">\n\t\n\n<div class=\"col-12 col-md-6\">\n\t\t\t\n\n<p><strong>Stay in our comfortable and affordable accommodation in Ostrava.<\/strong><\/p>\n\n\n\n<p>Are you from abroad and do not want to travel back right after a ball, theatre, training, or corporate event? Make a reservation in our cozy hotel.<\/p>\n\n\n\n<p>Akord Hotel*** is located in a quiet southern part of Ostrava, close to the city center and adjacent to the expansive B\u011blsk\u00fd les forest park and the Ostrava-Jih sports recreation zone. For swimming enthusiasts, there is an Aquapark just a 1-minute walk away from our hotel. The Aquapark offers a range of facilities including several swimming pools, water slides, sports fields, and an extensive grassy area. Additionally, the OSTRAVAR AR\u00c9NA is located nearby, approximately a 6-minute drive from the hotel.<\/p>\n\n\n\n<p>Our hotel (a part of cultural centre) is spread across two floors and is designed to be barrier-free, ensuring accessibility for all guests. The rooms are modern and furnished to meet the standards of a three-star hotel. Each room is equipped with a TV, mini-fridge, air conditioning, and complimentary Wi-Fi. During check-in, you will be provided with the password for accessing the free Wi-Fi network. We strive to provide a comfortable and convenient stay for all our guests.<\/p>\n\n\t<\/div>\n\n\n\n<div class=\"col-12 col-md-6\">\n\t\t\t\n\n<p>Each of our rooms features a private bathroom with a shower, ensuring convenience and privacy for our guests (except for two rooms that have shared bathrooms). Free parking is available behind the building, providing a convenient option for guests with vehicles. Additionally, paid parking is available right in front of the hotel, operating from 8 am to 6 pm. Please note that animals are not permitted inside the building to ensure a comfortable environment for all guests.<\/p>\n\n\n\n<p><\/p>\n\n\n\n<p><strong>Our rooms<\/strong><br><strong>8 double rooms <\/strong>(consisting of 4 rooms with separated beds, 4 rooms with connected beds)<br><strong>2 single rooms with private bathroom<\/strong><br><strong>2 single rooms with *shared bathroom<\/strong><br><strong>*the shared bathroom is located within a single unit comprising 2 rooms and a shared bathroom facility<\/strong><\/p>\n\n\t<\/div>\n\n<\/div>\n","protected":false},"excerpt":{"rendered":"<p>We offer About Akord Hotel<\/p>\n","protected":false},"author":2,"featured_media":0,"parent":0,"menu_order":0,"comment_status":"closed","ping_status":"closed","template":"","meta":{"inline_featured_image":false,"footnotes":""},"class_list":["post-79","page","type-page","status-publish","hentry"],"acf":[],"yoast_head":"<!-- This site is optimized with the Yoast SEO plugin v23.9 - https:\/\/yoast.com\/wordpress\/plugins\/seo\/ -->\n<title>Hotel Akord - Hotel Akord<\/title>\n<meta name=\"robots\" content=\"index, follow, max-snippet:-1, max-image-preview:large, max-video-preview:-1\" \/>\n<link rel=\"canonical\" href=\"https:\/\/dkakord.cz\/hotel\/en\/\" \/>\n<meta property=\"og:locale\" content=\"cs_CZ\" \/>\n<meta property=\"og:type\" content=\"article\" \/>\n<meta property=\"og:title\" content=\"Hotel Akord - Hotel Akord\" \/>\n<meta property=\"og:description\" content=\"We offer About Akord Hotel\" \/>\n<meta property=\"og:url\" content=\"https:\/\/dkakord.cz\/hotel\/en\/\" \/>\n<meta property=\"og:site_name\" content=\"Hotel Akord\" \/>\n<meta property=\"article:modified_time\" content=\"2025-02-10T09:51:17+00:00\" \/>\n<meta property=\"og:image\" content=\"https:\/\/dkakord.cz\/hotel\/wp-content\/uploads\/2023\/04\/1.jpg\" \/>\n\t<meta property=\"og:image:width\" content=\"320\" \/>\n\t<meta property=\"og:image:height\" content=\"320\" \/>\n\t<meta property=\"og:image:type\" content=\"image\/jpeg\" \/>\n<meta name=\"twitter:card\" content=\"summary_large_image\" \/>\n<meta name=\"twitter:label1\" content=\"Odhadovan\u00e1 doba \u010dten\u00ed\" \/>\n\t<meta name=\"twitter:data1\" content=\"3 minuty\" \/>\n<script type=\"application\/ld+json\" class=\"yoast-schema-graph\">{\"@context\":\"https:\/\/schema.org\",\"@graph\":[{\"@type\":\"WebPage\",\"@id\":\"https:\/\/dkakord.cz\/hotel\/en\/\",\"url\":\"https:\/\/dkakord.cz\/hotel\/en\/\",\"name\":\"Hotel Akord - Hotel Akord\",\"isPartOf\":{\"@id\":\"https:\/\/dkakord.cz\/hotel\/#website\"},\"primaryImageOfPage\":{\"@id\":\"https:\/\/dkakord.cz\/hotel\/en\/#primaryimage\"},\"image\":{\"@id\":\"https:\/\/dkakord.cz\/hotel\/en\/#primaryimage\"},\"thumbnailUrl\":\"https:\/\/dkakord.cz\/hotel\/wp-content\/uploads\/2023\/04\/1.jpg\",\"datePublished\":\"2023-04-23T18:16:35+00:00\",\"dateModified\":\"2025-02-10T09:51:17+00:00\",\"breadcrumb\":{\"@id\":\"https:\/\/dkakord.cz\/hotel\/en\/#breadcrumb\"},\"inLanguage\":\"cs\",\"potentialAction\":[{\"@type\":\"ReadAction\",\"target\":[\"https:\/\/dkakord.cz\/hotel\/en\/\"]}]},{\"@type\":\"ImageObject\",\"inLanguage\":\"cs\",\"@id\":\"https:\/\/dkakord.cz\/hotel\/en\/#primaryimage\",\"url\":\"https:\/\/dkakord.cz\/hotel\/wp-content\/uploads\/2023\/04\/1.jpg\",\"contentUrl\":\"https:\/\/dkakord.cz\/hotel\/wp-content\/uploads\/2023\/04\/1.jpg\",\"width\":320,\"height\":320,\"caption\":\"Rezervace\"},{\"@type\":\"BreadcrumbList\",\"@id\":\"https:\/\/dkakord.cz\/hotel\/en\/#breadcrumb\",\"itemListElement\":[{\"@type\":\"ListItem\",\"position\":1,\"name\":\"Dom\u016f\",\"item\":\"https:\/\/dkakord.cz\/hotel\/\"},{\"@type\":\"ListItem\",\"position\":2,\"name\":\"Hotel Akord\"}]},{\"@type\":\"WebSite\",\"@id\":\"https:\/\/dkakord.cz\/hotel\/#website\",\"url\":\"https:\/\/dkakord.cz\/hotel\/\",\"name\":\"Hotel Akord\",\"description\":\"\",\"potentialAction\":[{\"@type\":\"SearchAction\",\"target\":{\"@type\":\"EntryPoint\",\"urlTemplate\":\"https:\/\/dkakord.cz\/hotel\/?s={search_term_string}\"},\"query-input\":{\"@type\":\"PropertyValueSpecification\",\"valueRequired\":true,\"valueName\":\"search_term_string\"}}],\"inLanguage\":\"cs\"}]}<\/script>\n<!-- \/ Yoast SEO plugin. -->","yoast_head_json":{"title":"Hotel Akord - Hotel Akord","robots":{"index":"index","follow":"follow","max-snippet":"max-snippet:-1","max-image-preview":"max-image-preview:large","max-video-preview":"max-video-preview:-1"},"canonical":"https:\/\/dkakord.cz\/hotel\/en\/","og_locale":"cs_CZ","og_type":"article","og_title":"Hotel Akord - Hotel Akord","og_description":"We offer About Akord Hotel","og_url":"https:\/\/dkakord.cz\/hotel\/en\/","og_site_name":"Hotel Akord","article_modified_time":"2025-02-10T09:51:17+00:00","og_image":[{"width":320,"height":320,"url":"https:\/\/dkakord.cz\/hotel\/wp-content\/uploads\/2023\/04\/1.jpg","type":"image\/jpeg"}],"twitter_card":"summary_large_image","twitter_misc":{"Odhadovan\u00e1 doba \u010dten\u00ed":"3 minuty"},"schema":{"@context":"https:\/\/schema.org","@graph":[{"@type":"WebPage","@id":"https:\/\/dkakord.cz\/hotel\/en\/","url":"https:\/\/dkakord.cz\/hotel\/en\/","name":"Hotel Akord - Hotel Akord","isPartOf":{"@id":"https:\/\/dkakord.cz\/hotel\/#website"},"primaryImageOfPage":{"@id":"https:\/\/dkakord.cz\/hotel\/en\/#primaryimage"},"image":{"@id":"https:\/\/dkakord.cz\/hotel\/en\/#primaryimage"},"thumbnailUrl":"https:\/\/dkakord.cz\/hotel\/wp-content\/uploads\/2023\/04\/1.jpg","datePublished":"2023-04-23T18:16:35+00:00","dateModified":"2025-02-10T09:51:17+00:00","breadcrumb":{"@id":"https:\/\/dkakord.cz\/hotel\/en\/#breadcrumb"},"inLanguage":"cs","potentialAction":[{"@type":"ReadAction","target":["https:\/\/dkakord.cz\/hotel\/en\/"]}]},{"@type":"ImageObject","inLanguage":"cs","@id":"https:\/\/dkakord.cz\/hotel\/en\/#primaryimage","url":"https:\/\/dkakord.cz\/hotel\/wp-content\/uploads\/2023\/04\/1.jpg","contentUrl":"https:\/\/dkakord.cz\/hotel\/wp-content\/uploads\/2023\/04\/1.jpg","width":320,"height":320,"caption":"Rezervace"},{"@type":"BreadcrumbList","@id":"https:\/\/dkakord.cz\/hotel\/en\/#breadcrumb","itemListElement":[{"@type":"ListItem","position":1,"name":"Dom\u016f","item":"https:\/\/dkakord.cz\/hotel\/"},{"@type":"ListItem","position":2,"name":"Hotel Akord"}]},{"@type":"WebSite","@id":"https:\/\/dkakord.cz\/hotel\/#website","url":"https:\/\/dkakord.cz\/hotel\/","name":"Hotel Akord","description":"","potentialAction":[{"@type":"SearchAction","target":{"@type":"EntryPoint","urlTemplate":"https:\/\/dkakord.cz\/hotel\/?s={search_term_string}"},"query-input":{"@type":"PropertyValueSpecification","valueRequired":true,"valueName":"search_term_string"}}],"inLanguage":"cs"}]}},"_links":{"self":[{"href":"https:\/\/dkakord.cz\/hotel\/wp-json\/wp\/v2\/pages\/79","targetHints":{"allow":["GET"]}}],"collection":[{"href":"https:\/\/dkakord.cz\/hotel\/wp-json\/wp\/v2\/pages"}],"about":[{"href":"https:\/\/dkakord.cz\/hotel\/wp-json\/wp\/v2\/types\/page"}],"author":[{"embeddable":true,"href":"https:\/\/dkakord.cz\/hotel\/wp-json\/wp\/v2\/users\/2"}],"replies":[{"embeddable":true,"href":"https:\/\/dkakord.cz\/hotel\/wp-json\/wp\/v2\/comments?post=79"}],"version-history":[{"count":13,"href":"https:\/\/dkakord.cz\/hotel\/wp-json\/wp\/v2\/pages\/79\/revisions"}],"predecessor-version":[{"id":385,"href":"https:\/\/dkakord.cz\/hotel\/wp-json\/wp\/v2\/pages\/79\/revisions\/385"}],"wp:attachment":[{"href":"https:\/\/dkakord.cz\/hotel\/wp-json\/wp\/v2\/media?parent=79"}],"curies":[{"name":"wp","href":"https:\/\/api.w.org\/{rel}","templated":true}]}}